{"id":29,"date":"2025-12-04T15:06:28","date_gmt":"2025-12-04T14:06:28","guid":{"rendered":"https:\/\/pieknalitera.pl\/?page_id=29"},"modified":"2025-12-04T20:28:43","modified_gmt":"2025-12-04T19:28:43","slug":"kjhkjh","status":"publish","type":"page","link":"https:\/\/pieknalitera.pl\/?page_id=29","title":{"rendered":"Autorki"},"content":{"rendered":"\n<figure class=\"wp-block-image size-large\"><img loading=\"lazy\" decoding=\"async\" width=\"1024\" height=\"682\" src=\"https:\/\/pieknalitera.pl\/wp-content\/uploads\/2025\/12\/192300179_314711716779601_912133423965398041_n-1024x682.jpg\" alt=\"\" class=\"wp-image-181\" srcset=\"https:\/\/pieknalitera.pl\/wp-content\/uploads\/2025\/12\/192300179_314711716779601_912133423965398041_n-1024x682.jpg 1024w, https:\/\/pieknalitera.pl\/wp-content\/uploads\/2025\/12\/192300179_314711716779601_912133423965398041_n-300x200.jpg 300w, https:\/\/pieknalitera.pl\/wp-content\/uploads\/2025\/12\/192300179_314711716779601_912133423965398041_n-768x512.jpg 768w, https:\/\/pieknalitera.pl\/wp-content\/uploads\/2025\/12\/192300179_314711716779601_912133423965398041_n-1536x1024.jpg 1536w, https:\/\/pieknalitera.pl\/wp-content\/uploads\/2025\/12\/192300179_314711716779601_912133423965398041_n-850x567.jpg 850w, https:\/\/pieknalitera.pl\/wp-content\/uploads\/2025\/12\/192300179_314711716779601_912133423965398041_n.jpg 2000w\" sizes=\"auto, (max-width: 1024px) 100vw, 1024px\" \/><\/figure>\n\n\n\n<p><strong>Ewa Landowska<\/strong> \/ fot. Edyta Dufaj<\/p>\n\n\n\n<p>kaligrafi\u0105 zajmuje si\u0119 od roku 1999, popularyzatorka pi\u0119knego pisania, autorka ksi\u0105\u017cek do kaligrafii:<br><em>Kaligrafia przedwojenna. Elementarze polskie<\/em>, <br><em>Kr\u00f3tka historia litery \u0142aci\u0144skiej<\/em>, <br><em>Elementarz do nauki pisania i czytania u\u0142o\u017cony wed\u0142ug metody nauki pisania<\/em>, <br><em>Podr\u0119cznik do nauczania pisma szkolnego dla nauczycieli i rodzic\u00f3w<\/em> <br>oraz serii podr\u0119cznik\u00f3w do kaligrafii <em>Pi\u0119kna Litera<\/em>. <br>Za\u0142o\u017cycielka wirtualnego <strong>Muzeum Kaligrafii i Historii\u00a0Pisma<\/strong>. Od 2012 roku z Barbar\u0105 Bodziony wsp\u00f3\u0142tworzy przestrze\u0144 warsztatow\u0105 <strong>Atelier Landowska&amp;Bodziony<\/strong> w Krakowie. Kaligrafii naucza od 2006 roku. W roku 2015 na zlecenie Kancelarii Sejmu sporz\u0105dzi\u0142a kaligrafowany egzemplarz Konstytucji Rzeczypospolitej Polskiej. Autorka kaligrafii na\u015bciennej w Muzeum Jana Kochanowskiego w Czarnolesie.<\/p>\n\n\n\n<p>&nbsp;<\/p>\n\n\n\n<figure class=\"wp-block-image size-large\"><img loading=\"lazy\" decoding=\"async\" width=\"1024\" height=\"682\" src=\"https:\/\/pieknalitera.pl\/wp-content\/uploads\/2025\/12\/fot-edyta-dufaj4-1024x682.jpg\" alt=\"\" class=\"wp-image-178\" srcset=\"https:\/\/pieknalitera.pl\/wp-content\/uploads\/2025\/12\/fot-edyta-dufaj4-1024x682.jpg 1024w, https:\/\/pieknalitera.pl\/wp-content\/uploads\/2025\/12\/fot-edyta-dufaj4-300x200.jpg 300w, https:\/\/pieknalitera.pl\/wp-content\/uploads\/2025\/12\/fot-edyta-dufaj4-768x512.jpg 768w, https:\/\/pieknalitera.pl\/wp-content\/uploads\/2025\/12\/fot-edyta-dufaj4-850x566.jpg 850w, https:\/\/pieknalitera.pl\/wp-content\/uploads\/2025\/12\/fot-edyta-dufaj4.jpg 1280w\" sizes=\"auto, (max-width: 1024px) 100vw, 1024px\" \/><\/figure>\n\n\n\n<p><strong>Barbara Bodziony<\/strong> \/ fot. Edyta Dufaj<\/p>\n\n\n\n<p>iluminator, kaligraf, historyk sztuki, mediewista, absolwentka Uniwersytetu Jagiello\u0144skiego. We Francji, w&nbsp;Angers ko\u0144czy w&nbsp;2007 roku z&nbsp;wyr\u00f3\u017cnieniem Wy\u017cszy Europejski Instytut Iluminacji i&nbsp;R\u0119kopis\u00f3w.<br>Od 10 lat prowadzi w&nbsp;Krakowie Szko\u0142\u0119 Kaligrafii i&nbsp;Iluminacji, od 2016 roku wsp\u00f3lnie z&nbsp;Ew\u0105 Landowsk\u0105 pod nazw\u0105 <strong>Atelier Landowska &amp; Bodziony<\/strong>. Jest tak\u017ce za\u0142o\u017cycielk\u0105 <strong>Pracowni Kaligrafii i&nbsp;Iluminacji<\/strong>, kt\u00f3ra wykonuje na zlecenie prace z&nbsp;dziedziny miniatorstwa i&nbsp;kaligrafii.<br>Od 2008 roku prowadzi regularne warsztaty w&nbsp;Benedykty\u0144skim Instytucie Kultury w&nbsp;Ty\u0144cu. Wsp\u00f3\u0142autorka podr\u0119cznika do kaligrafii&nbsp;<em>Pi\u0119kna Litera<\/em>, kt\u00f3rego I&nbsp;tom ukaza\u0142 si\u0119 w&nbsp;2016 r., drugi tom w&nbsp;2018 r. Autorka cyklu artyku\u0142\u00f3w na temat \u015bredniowiecznych pigment\u00f3w i&nbsp;barwnik\u00f3w ukazuj\u0105cych si\u0119 w&nbsp;latach 2012-2016 w&nbsp;kwartalniku <em>Iluminacje<\/em>. Od 2016 roku prowadzi semestralne zaj\u0119cia dla student\u00f3w krakowskich uczelni: ASP Wydzia\u0142 Form Przemys\u0142owych oraz UJ Edytorstwo.<\/p>\n","protected":false},"excerpt":{"rendered":"<p>Ewa Landowska \/ fot. Edyta Dufaj kaligrafi\u0105 zajmuje si\u0119 od roku 1999, popularyzatorka pi\u0119knego pisania, autorka ksi\u0105\u017cek do kaligrafii:Kaligrafia przedwojenna. Elementarze polskie, Kr\u00f3tka historia litery \u0142aci\u0144skiej, Elementarz do nauki pisania i czytania u\u0142o\u017cony wed\u0142ug metody nauki pisania, Podr\u0119cznik do nauczania pisma szkolnego dla nauczycieli i rodzic\u00f3w oraz serii podr\u0119cznik\u00f3w do kaligrafii Pi\u0119kna Litera. Za\u0142o\u017cycielka wirtualnego&#8230;<\/p>\n","protected":false},"author":1,"featured_media":0,"parent":0,"menu_order":0,"comment_status":"closed","ping_status":"closed","template":"","meta":{"footnotes":""},"class_list":["post-29","page","type-page","status-publish","hentry"],"_links":{"self":[{"href":"https:\/\/pieknalitera.pl\/index.php?rest_route=\/wp\/v2\/pages\/29","targetHints":{"allow":["GET"]}}],"collection":[{"href":"https:\/\/pieknalitera.pl\/index.php?rest_route=\/wp\/v2\/pages"}],"about":[{"href":"https:\/\/pieknalitera.pl\/index.php?rest_route=\/wp\/v2\/types\/page"}],"author":[{"embeddable":true,"href":"https:\/\/pieknalitera.pl\/index.php?rest_route=\/wp\/v2\/users\/1"}],"replies":[{"embeddable":true,"href":"https:\/\/pieknalitera.pl\/index.php?rest_route=%2Fwp%2Fv2%2Fcomments&post=29"}],"version-history":[{"count":11,"href":"https:\/\/pieknalitera.pl\/index.php?rest_route=\/wp\/v2\/pages\/29\/revisions"}],"predecessor-version":[{"id":248,"href":"https:\/\/pieknalitera.pl\/index.php?rest_route=\/wp\/v2\/pages\/29\/revisions\/248"}],"wp:attachment":[{"href":"https:\/\/pieknalitera.pl\/index.php?rest_route=%2Fwp%2Fv2%2Fmedia&parent=29"}],"curies":[{"name":"wp","href":"https:\/\/api.w.org\/{rel}","templated":true}]}}